{"id":15686,"date":"2017-03-21T17:18:49","date_gmt":"2017-03-21T17:18:49","guid":{"rendered":"http:\/\/moral.com.br\/alpapato\/?page_id=15686"},"modified":"2017-03-27T14:38:55","modified_gmt":"2017-03-27T14:38:55","slug":"roteiro","status":"publish","type":"page","link":"http:\/\/moral.com.br\/alpapato\/roteiro\/","title":{"rendered":"Roteiro"},"content":{"rendered":"<div class=\"wpb-content-wrapper\"><p>[vc_row css_animation=&#8221;&#8221; row_type=&#8221;row&#8221; use_row_as_full_screen_section=&#8221;no&#8221; type=&#8221;full_width&#8221; angled_section=&#8221;no&#8221; text_align=&#8221;left&#8221; background_image_as_pattern=&#8221;without_pattern&#8221;][vc_column][vc_row_inner row_type=&#8221;row&#8221; type=&#8221;full_width&#8221; text_align=&#8221;left&#8221; css_animation=&#8221;&#8221;][vc_column_inner][vc_column_text]<span style=\"color: #000000;\"><strong>Documentos Necess\u00e1rios:<\/strong><\/span><\/p>\n<ol>\n<li><span style=\"color: #000000;\">Aprova\u00e7\u00e3o na Prefeitura quando necess\u00e1ria<\/span><\/li>\n<li><span style=\"color: #000000;\">Aprova\u00e7\u00e3o na Secretaria\u00a0espec\u00edfica quando necess\u00e1ria<\/span><\/li>\n<li><span style=\"color: #000000;\">Enquadramento nas normas existentes<\/span><\/li>\n<li><span style=\"color: #000000;\">Contrato\u00a0de manuten\u00e7\u00e3o<\/span><\/li>\n<\/ol>\n<p>&nbsp;<\/p>\n<p><span style=\"color: #000000;\"><strong>Obra e Projeto:<\/strong><\/span><\/p>\n<ol>\n<li><strong><span style=\"color: #000000;\">Reconhecimento da \u00e1rea <\/span><\/strong>\n<ul>\n<li><span style=\"color: #000000;\">Levantamento fotogr\u00e1fico<\/span><\/li>\n<li><span style=\"color: #000000;\">Levantamento planialtim\u00e9trico cadastral com a loca\u00e7\u00e3o de \u00e1rvores (cota do p\u00e9 da \u00e1rvore, di\u00e2metro da base do tronco, altura e di\u00e2metro da copa) e outros elementos existentes.<\/span><\/li>\n<li><span style=\"color: #000000;\">Base em Autocad para desenvolvimento do projeto<\/span><\/li>\n<\/ul>\n<\/li>\n<li><strong><span style=\"color: #000000;\">Programa de necessidades<\/span><\/strong>\n<ul>\n<li><span style=\"color: #000000;\">Reuni\u00f5es para discuss\u00e3o sobre as necessidades, brinquedos acess\u00edveis e de uso misto<\/span><\/li>\n<li><span style=\"color: #000000;\">Rotina do local do parque<\/span><\/li>\n<li><span style=\"color: #000000;\">Defini\u00e7\u00e3o dos brinquedos a serem usados no novo parque<\/span><\/li>\n<li><span style=\"color: #000000;\">Defini\u00e7\u00e3o de mobili\u00e1rio (bancos, lixeira)<\/span><\/li>\n<li><span style=\"color: #000000;\">Desenvolvimento de trajetos terap\u00eauticos<\/span><\/li>\n<li><span style=\"color: #000000;\">Desenhos preliminares de implanta\u00e7\u00e3o \u00a0<\/span><\/li>\n<\/ul>\n<\/li>\n<li><strong><span style=\"color: #000000;\">Anteprojeto<\/span><\/strong>\n<ul>\n<li><span style=\"color: #000000;\">Conceitua\u00e7\u00e3o geral do espa\u00e7o<\/span><\/li>\n<li><span style=\"color: #000000;\">Implanta\u00e7\u00e3o dos percursos e dos equipamentos<\/span><\/li>\n<li><span style=\"color: #000000;\">Volumetria da vegeta\u00e7\u00e3o a ser especificada<\/span><\/li>\n<li><span style=\"color: #000000;\">Apresenta\u00e7\u00e3o do projeto (plantas, cortes, eleva\u00e7\u00f5es, perspectivas) utilizando as m\u00eddias, dwg, sketchup, pdf e powerpoint<\/span><\/li>\n<li><span style=\"color: #000000;\">Discuss\u00e3o e aprova\u00e7\u00e3o com os envolvidos no projeto<\/span><\/li>\n<\/ul>\n<\/li>\n<li><strong><span style=\"color: #000000;\">Projeto Pr\u00e9 Executivo<\/span><\/strong>\n<ul>\n<li><span style=\"color: #000000;\">Evolu\u00e7\u00e3o do anteprojeto de modo a subsidiar os projetos complementares<\/span><\/li>\n<li><span style=\"color: #000000;\">Modelagem do terreno e implanta\u00e7\u00e3o geral<\/span><\/li>\n<li><span style=\"color: #000000;\">Diretrizes de drenagem e caimento de pisos<\/span><\/li>\n<li><span style=\"color: #000000;\">Previs\u00e3o de pontos de irriga\u00e7\u00e3o e luminot\u00e9cnica<\/span><\/li>\n<li><span style=\"color: #000000;\">Apresenta\u00e7\u00e3o do projeto (plantas, cortes, eleva\u00e7\u00f5es) utilizando as m\u00eddias, dwg e pdf<\/span><\/li>\n<li><span style=\"color: #000000;\">Reuni\u00f5es com os profissionais respons\u00e1veis pelos projetos complementares.<\/span><\/li>\n<\/ul>\n<\/li>\n<li><strong><span style=\"color: #000000;\">Projeto Executivo<\/span><\/strong>\n<ul>\n<li><span style=\"color: #000000;\">Loca\u00e7\u00e3o de todos os elementos constantes do projeto e detalhamento<\/span><\/li>\n<li><span style=\"color: #000000;\">Projeto de plantio com especifica\u00e7\u00e3o, loca\u00e7\u00e3o e quantifica\u00e7\u00e3o das esp\u00e9cies propostas<\/span><\/li>\n<li><span style=\"color: #000000;\">Apresenta\u00e7\u00e3o do projeto (plantas, cortes, eleva\u00e7\u00f5es e detalhes) utilizando as m\u00eddias, dwg e pdf<\/span><\/li>\n<li><span style=\"color: #000000;\">Memorial descritivo dos elementos construtivos<\/span><\/li>\n<li><span style=\"color: #000000;\">Reuni\u00f5es com os profissionais respons\u00e1veis pelos projetos complementares<\/span><\/li>\n<\/ul>\n<\/li>\n<li><strong><span style=\"color: #000000;\">Elabora\u00e7\u00e3o do or\u00e7amento detalhado<\/span><\/strong><\/li>\n<li><span style=\"color: #000000;\"><strong>Fiscaliza\u00e7\u00e3o e acompanhamento da obra<\/strong><\/span>\n<ul>\n<li><span style=\"color: #000000;\">Acompanhamento da implanta\u00e7\u00e3o<\/span><\/li>\n<li><span style=\"color: #000000;\">Revis\u00f5es e detalhes espec\u00edficos se necess\u00e1rio<\/span><\/li>\n<li><span style=\"color: #000000;\">Reuni\u00f5es com os profissionais respons\u00e1veis pela obra<\/span><\/li>\n<li><span style=\"color: #000000;\">Testes dos equipamentos e brinquedos<\/span><\/li>\n<\/ul>\n<\/li>\n<\/ol>\n<p>&nbsp;<\/p>\n<p><span style=\"color: #000000;\"><strong>Cuidados:<\/strong><\/span><\/p>\n<ol>\n<li><span style=\"color: #000000;\">Obedi\u00eancia a normas de acessibilidade<\/span><\/li>\n<li><span style=\"color: #000000;\">Local preferencialmente cercado<\/span><\/li>\n<li><span style=\"color: #000000;\">Bom acesso<\/span><\/li>\n<li><span style=\"color: #000000;\">Proximidade de usu\u00e1rios<\/span><\/li>\n<li><span style=\"color: #000000;\">Pol\u00edcia civil ou seguran\u00e7a<\/span><\/li>\n<li><span style=\"color: #000000;\">Manuten\u00e7\u00e3o<\/span><\/li>\n<li><span style=\"color: #000000;\">Institui\u00e7\u00e3o ou pessoas respons\u00e1veis<\/span><\/li>\n<li><span style=\"color: #000000;\">Preferencialmente sombra, \u00e1rvores<\/span><\/li>\n<li><span style=\"color: #000000;\">Evitar desn\u00edveis<\/span><\/li>\n<li><span style=\"color: #000000;\">Elabora\u00e7\u00e3o de or\u00e7amento detalhado<\/span><\/li>\n<li><span style=\"color: #000000;\">Organizar eventos relacionados no local, envolvendo comunidade local<\/span><\/li>\n<\/ol>\n<p>&nbsp;<\/p>\n<p><span style=\"color: #000000;\"><strong>Fornecedores:<\/strong><\/span><\/p>\n<ol>\n<li><span style=\"color: #000000;\">Empresa para levantamento planialtim\u00e9trico<\/span><\/li>\n<li><span style=\"color: #000000;\">Empresa de projetos (engenharia e arquitetura)<\/span><\/li>\n<li><span style=\"color: #000000;\">Fabricante de brinquedos<\/span><\/li>\n<li><span style=\"color: #000000;\">Fornecedor de placas de informa\u00e7\u00e3o<\/span><\/li>\n<li><span style=\"color: #000000;\">Empresa de constru\u00e7\u00e3o<\/span><\/li>\n<li><span style=\"color: #000000;\">Fornecedor de piso emborrachado<\/span><\/li>\n<li><span style=\"color: #000000;\">Empresa de paisagismo<\/span><\/li>\n<li><span style=\"color: #000000;\">Empresa de transporte dos equipamentos e brinquedos<\/span><\/li>\n<li><span style=\"color: #000000;\">Engenheiro de seguran\u00e7a para emiss\u00e3o de laudo peri\u00f3dico<\/span><\/li>\n<\/ol>\n<p>[\/vc_column_text][\/vc_column_inner][\/vc_row_inner][\/vc_column][\/vc_row][vc_row css_animation=&#8221;&#8221; row_type=&#8221;row&#8221; use_row_as_full_screen_section=&#8221;no&#8221; type=&#8221;full_width&#8221; angled_section=&#8221;no&#8221; text_align=&#8221;left&#8221; background_image_as_pattern=&#8221;without_pattern&#8221;][vc_column][vc_separator type=&#8221;transparent&#8221; up=&#8221;20&#8243;][\/vc_column][\/vc_row]<\/p>\n<\/div>","protected":false},"excerpt":{"rendered":"<p>[vc_row css_animation=&#8221;&#8221; row_type=&#8221;row&#8221; use_row_as_full_screen_section=&#8221;no&#8221; type=&#8221;full_width&#8221; angled_section=&#8221;no&#8221; text_align=&#8221;left&#8221; background_image_as_pattern=&#8221;without_pattern&#8221;][vc_column][vc_row_inner row_type=&#8221;row&#8221; type=&#8221;full_width&#8221; text_align=&#8221;left&#8221; css_animation=&#8221;&#8221;][vc_column_inner][vc_column_text]Documentos Necess\u00e1rios: Aprova\u00e7\u00e3o na Prefeitura quando necess\u00e1ria Aprova\u00e7\u00e3o na Secretaria\u00a0espec\u00edfica quando necess\u00e1ria Enquadramento nas normas existentes Contrato\u00a0de manuten\u00e7\u00e3o &nbsp; Obra e Projeto: Reconhecimento da \u00e1rea Levantamento fotogr\u00e1fico Levantamento planialtim\u00e9trico cadastral com a loca\u00e7\u00e3o de&#8230;<\/p>\n","protected":false},"author":1,"featured_media":0,"parent":0,"menu_order":0,"comment_status":"closed","ping_status":"closed","template":"","meta":{"om_disable_all_campaigns":false,"footnotes":""},"class_list":["post-15686","page","type-page","status-publish","hentry"],"_links":{"self":[{"href":"http:\/\/moral.com.br\/alpapato\/wp-json\/wp\/v2\/pages\/15686","targetHints":{"allow":["GET"]}}],"collection":[{"href":"http:\/\/moral.com.br\/alpapato\/wp-json\/wp\/v2\/pages"}],"about":[{"href":"http:\/\/moral.com.br\/alpapato\/wp-json\/wp\/v2\/types\/page"}],"author":[{"embeddable":true,"href":"http:\/\/moral.com.br\/alpapato\/wp-json\/wp\/v2\/users\/1"}],"replies":[{"embeddable":true,"href":"http:\/\/moral.com.br\/alpapato\/wp-json\/wp\/v2\/comments?post=15686"}],"version-history":[{"count":15,"href":"http:\/\/moral.com.br\/alpapato\/wp-json\/wp\/v2\/pages\/15686\/revisions"}],"predecessor-version":[{"id":15744,"href":"http:\/\/moral.com.br\/alpapato\/wp-json\/wp\/v2\/pages\/15686\/revisions\/15744"}],"wp:attachment":[{"href":"http:\/\/moral.com.br\/alpapato\/wp-json\/wp\/v2\/media?parent=15686"}],"curies":[{"name":"wp","href":"https:\/\/api.w.org\/{rel}","templated":true}]}}